 factors of 2498.
2, 1249
What are the prime factors of 122888?
2, 15361
List the prime factors of 703.
19, 37
List the prime factors of 36116.
2, 9029
List the prime factors of 20459.
41, 499
List the prime factors of 4020.
2, 3, 5, 67
What are the prime factors of 10975?
5, 439
What are the prime factors of 4892?
2, 1223
List the prime factors of 1009.
1009
List the prime factors of 1705.
5, 11, 31
What are the prime factors of 2533?
17, 149
What are the prime factors of 46169?
137, 337
What are the prime factors of 3507?
3, 7, 167
What are the prime factors of 16555?
5, 7, 11, 43
What are the prime factors of 93?
3, 31
What are the prime factors of 19761?
3, 7, 941
What are the prime factors of 13323?
3, 4441
List the prime factors of 126350.
2, 5, 7, 19
What are the prime factors of 2948?
2, 11, 67
What are the prime factors of 594?
2, 3, 11
List the prime factors of 8022.
2, 3, 7, 191
List the prime factors of 683.
683
List the prime factors of 2536.
2, 317
List the prime factors of 14.
2, 7
What are the prime factors of 51506?
2, 7, 13, 283
What are the prime factors of 401?
401
List the prime factors of 2089.
2089
What are the prime factors of 4491?
3, 499
What are the prime factors of 4073?
4073
What are the prime factors of 6528?
2, 3, 17
List the prime factors of 71916.
2, 3, 13, 461
What are the prime factors of 4347?
3, 7, 23
What are the prime factors of 91840?
2, 5, 7, 41
What are the prime factors of 1305?
3, 5, 29
What are the prime factors of 4784?
2, 13, 23
What are the prime factors of 8?
2
What are the prime factors of 19048?
2, 2381
What are the prime factors of 767?
13, 59
List the prime factors of 39429.
3, 13, 337
What are the prime factors of 13295?
5, 2659
What are the prime factors of 800?
2, 5
List the prime factors of 153314.
2, 7, 47, 233
What are the prime factors of 2248?
2, 281
What are the prime factors of 18109?
7, 13, 199
What are the prime factors of 7845?
3, 5, 523
What are the prime factors of 2200?
2, 5, 11
What are the prime factors of 407?
11, 37
What are the prime factors of 8246?
2, 7, 19, 31
List the prime factors of 200.
2, 5
What are the prime factors of 524?
2, 131
List the prime factors of 9590.
2, 5, 7, 137
What are the prime factors of 44182?
2, 22091
List the prime factors of 6066.
2, 3, 337
What are the prime factors of 36464?
2, 43, 53
List the prime factors of 1046.
2, 523
What are the prime factors of 61303?
11, 5573
What are the prime factors of 17639?
31, 569
List the prime factors of 26167.
137, 191
List the prime factors of 10402.
2, 7, 743
What are the prime factors of 46407?
3, 31, 499
List the prime factors of 58618.
2, 7, 53, 79
List the prime factors of 34390.
2, 5, 19, 181
List the prime factors of 9856.
2, 7, 11
List the prime factors of 10303.
10303
List the prime factors of 107.
107
What are the prime factors of 4868?
2, 1217
List the prime factors of 1170.
2, 3, 5, 13
List the prime factors of 30819.
3, 10273
What are the prime factors of 171?
3, 19
What are the prime factors of 10746?
2, 3, 199
What are the prime factors of 82589?
13, 6353
What are the prime factors of 1297?
1297
What are the prime factors of 2527?
7, 19
List the prime factors of 621.
3, 23
List the prime factors of 2581.
29, 89
List the prime factors of 7917.
3, 7, 13, 29
List the prime factors of 6553.
6553
What are the prime factors of 2077?
31, 67
List the prime factors of 70323.
3, 11, 2131
What are the prime factors of 2605?
5, 521
What are the prime factors of 11705?
5, 2341
List the prime factors of 704.
2, 11
What are the prime factors of 39618?
2, 3, 31, 71
What are the prime factors of 75135?
3, 5, 5009
What are the prime factors of 14857?
83, 179
What are the prime factors of 421?
421
List the prime factors of 4714.
2, 2357
List the prime factors of 25239.
3, 47, 179
What are the prime factors of 48669?
3, 16223
List the prime factors of 2704.
2, 13
What are the prime factors of 10950?
2, 3, 5, 73
List the prime factors of 433.
433
What are the prime factors of 20330?
2, 5, 19, 107
List the prime factors of 1837.
11, 167
What are the prime factors of 6527?
61, 107
What are the prime factors of 8972?
2, 2243
List the prime factors of 701.
701
List the prime factors of 32528.
2, 19, 107
List the prime factors of 13746.
2, 3, 29, 79
List the prime factors of 7898.
2, 11, 359
List the prime factors of 1858.
2, 929
What are the prime factors of 1185?
3, 5, 79
List the prime factors of 4356.
2, 3, 11
What are the prime factors of 10200?
2, 3, 5, 17
What are the prime factors of 94934?
2, 7, 6781
What are the prime factors of 1794?
2, 3, 13, 23
What are the prime factors of 906?
2, 3, 151
List the prime factors of 61253.
61253
What are the prime factors of 88290?
2, 3, 5, 109
What are the prime factors of 206?
2, 103
List the prime factors of 8166.
2, 3, 1361
List the prime factors of 5031.
3, 13, 43
What are the prime factors of 802?
2, 401
What are the prime factors of 104794?
2, 151, 347
List the prime factors of 1499.
1499
List the prime factors of 20411.
20411
What are the prime factors of 5259?
3, 1753
What are the prime factors of 2665?
5, 13, 41
What are the prime factors of 1377?
3, 17
What are the prime factors of 8467?
8467
List the prime factors of 11410.
2, 5, 7, 163
What are the prime factors of 12595?
5, 11, 229
List the prime factors of 56603.
23, 107
List the prime factors of 129292.
2, 32323
List the prime factors of 14920.
2, 5, 373
List the prime factors of 1261.
13, 97
What are the prime factors of 921?
3, 307
List the prime factors of 48.
2, 3
List the prime factors of 11260.
2, 5, 563
What are the prime factors of 4694?
2, 2347
List the prime factors of 3315.
3, 5, 13, 17
What are the prime factors of 20724?
2, 3, 11, 157
What are the prime factors of 103295?
5, 73, 283
What are the prime factors of 164085?
3, 5, 10939
What are the prime factors of 1442?
2, 7, 103
What are the prime factors of 14224?
2, 7, 127
What are the prime factors of 1256?
2, 157
List the prime factors of 55.
5, 11
What are the prime factors of 3118?
2, 1559
List the prime factors of 2603.
19, 137
What are the prime factors of 17660?
2, 5, 883
What are the prime factors of 43?
43
What are the prime factors of 16899?
3, 43, 131
List the prime factors of 1556.
2, 389
What are the prime factors of 16400?
2, 5, 41
List the prime factors of 1069.
1069
What are the prime factors of 723?
3, 241
List the prime factors of 64037.
64037
What are the prime factors of 1042?
2, 521
List the prime factors of 616.
2, 7, 11
List the prime factors of 894.
2, 3, 149
List the prime factors of 372.
2, 3, 31
List the prime factors of 55317.
3, 18439
What are the prime factors of 59780?
2, 5, 7, 61
List the prime factors of 1003.
17, 59
What are the prime factors of 11925?
3, 5, 53
List the prime factors of 44524.
2, 11131
What are the prime factors of 819?
3, 7, 13
List the prime factors of 10727.
17, 631
List the prime factors of 5657.
5657
What are the prime factors of 9667?
7, 1381
What are the prime factors of 455?
5, 7, 13
List the prime factors of 461.
461
What are the prime factors of 101070?
2, 3, 5, 1123
What are the prime factors of 733?
733
List the prime factors of 341.
11, 31
What are the prime factors of 15725?
5, 17, 37
What are the prime factors of 858?
2, 3, 11, 13
What are the prime factors of 950?
2, 5, 19
What are the prime factors of 12827?
101, 127
What are the prime factors of 1678?
2, 839
What are the prime factors of 1291?
1291
What are the prime factors of 435?
3, 5, 29
What are the prime factors of 17260?
2, 5, 863
List the prime factors of 2787.
3, 929
List the prime factors of 613.
613
List the prime factors of 964.
2, 241
What are the prime factors of 2070?
2, 3, 5, 23
What are the prime factors of 2154?
2, 3, 359
What are the prime factors of 484?
2, 11
What are the prime factors of 2353?
13, 181
List the prime factors of 9312.
2, 3, 97
List the prime factors of 781.
11, 71
What are the prime factors of 50082?
2, 3, 17, 491
What are the prime factors of 1402?
2, 701
What are the prime factors of 83549?
29, 43, 67
What are the prime factors of 4440?
2, 3, 5, 37
What are the prime factors of 13696?
2, 107
What are the prime factors of 9286?
2, 4643
What are the prime factors of 1450?
2, 5, 29
Wh